ided by 27?
24
What is the remainder when 9952 is divided by 10?
2
What is the remainder when 13 is divided by 13?
0
Calculate the remainder when 780 is divided by 33.
21
Calculate the remainder when 621 is divided by 12.
9
What is the remainder when 89 is divided by 83?
6
What is the remainder when 1597 is divided by 13?
11
What is the remainder when 13990 is divided by 53?
51
Calculate the remainder when 1047 is divided by 25.
22
What is the remainder when 4235 is divided by 22?
11
Calculate the remainder when 15467 is divided by 85.
82
What is the remainder when 92 is divided by 42?
8
Calculate the remainder when 9567 is divided by 87.
84
What is the remainder when 307 is divided by 100?
7
Calculate the remainder when 517 is divided by 82.
25
What is the remainder when 18 is divided by 4?
2
Calculate the remainder when 59 is divided by 12.
11
What is the remainder when 183 is divided by 82?
19
What is the remainder when 4208 is divided by 2101?
6
Calculate the remainder when 122 is divided by 14.
10
What is the remainder when 1061 is divided by 522?
17
Calculate the remainder when 112 is divided by 23.
20
What is the remainder when 774 is divided by 25?
24
Calculate the remainder when 684 is divided by 561.
123
What is the remainder when 250 is divided by 24?
10
What is the remainder when 2517 is divided by 60?
57
What is the remainder when 179 is divided by 74?
31
Calculate the remainder when 251 is divided by 18.
17
Calculate the remainder when 105 is divided by 54.
51
Calculate the remainder when 958 is divided by 30.
28
What is the remainder when 227 is divided by 33?
29
What is the remainder when 988 is divided by 110?
108
What is the remainder when 264 is divided by 39?
30
What is the remainder when 122 is divided by 41?
40
Calculate the remainder when 407 is divided by 17.
16
Calculate the remainder when 17 is divided by 10.
7
What is the remainder when 1440 is divided by 69?
60
What is the remainder when 244 is divided by 50?
44
Calculate the remainder when 264 is divided by 125.
14
What is the remainder when 92 is divided by 19?
16
What is the remainder when 2154 is divided by 14?
12
Calculate the remainder when 230 is divided by 98.
34
Calculate the remainder when 633 is divided by 6.
3
Calculate the remainder when 628 is divided by 40.
28
Calculate the remainder when 1636 is divided by 13.
11
What is the remainder when 1047 is divided by 25?
22
Calculate the remainder when 51 is divided by 25.
1
Calculate the remainder when 27 is divided by 21.
6
Calculate the remainder when 20 is divided by 11.
9
What is the remainder when 225 is divided by 103?
19
What is the remainder when 2265 is divided by 206?
205
What is the remainder when 55 is divided by 32?
23
What is the remainder when 719 is divided by 90?
89
Calculate the remainder when 128 is divided by 33.
29
Calculate the remainder when 2098 is divided by 2.
0
Calculate the remainder when 54 is divided by 20.
14
What is the remainder when 18 is divided by 6?
0
What is the remainder when 143 is divided by 68?
7
What is the remainder when 937 is divided by 22?
13
Calculate the remainder when 142 is divided by 11.
10
What is the remainder when 747 is divided by 94?
89
What is the remainder when 8099 is divided by 150?
149
Calculate the remainder when 829 is divided by 271.
16
Calculate the remainder when 2102 is divided by 8.
6
What is the remainder when 458 is divided by 56?
10
What is the remainder when 41 is divided by 13?
2
What is the remainder when 13784 is divided by 5?
4
Calculate the remainder when 207 is divided by 193.
14
Calculate the remainder when 119 is divided by 44.
31
Calculate the remainder when 105 is divided by 57.
48
Calculate the remainder when 77 is divided by 18.
5
What is the remainder when 1287 is divided by 14?
13
What is the remainder when 3959 is divided by 45?
44
Calculate the remainder when 61 is divided by 7.
5
What is the remainder when 2552 is divided by 142?
138
Calculate the remainder when 94 is divided by 37.
20
Calculate the remainder when 1715 is divided by 149.
76
What is the remainder when 653 is divided by 478?
175
What is the remainder when 24759 is divided by 20?
19
What is the remainder when 139 is divided by 17?
3
Calculate the remainder when 421 is divided by 47.
45
Calculate the remainder when 219 is divided by 73.
0
What is the remainder when 643 is divided by 47?
32
Calculate the remainder when 144 is divided by 25.
19
Calculate the remainder when 349 is divided by 90.
79
What is the remainder when 1070 is divided by 37?
34
Calculate the remainder when 236 is divided by 47.
1
Calculate the remainder when 886 is divided by 74.
72
What is the remainder when 312 is divided by 45?
42
What is the remainder when 105 is divided by 48?
9
Calculate the remainder when 20053 is divided by 23.
20
Calculate the remainder when 215 is divided by 17.
11
What is the remainder when 122 is divided by 25?
22
Calculate the remainder when 486 is divided by 240.
6
Calculate the remainder when 24 is divided by 14.
10
Calculate the remainder when 1139 is divided by 4.
3
Calculate the remainder when 1996 is divided by 57.
1
Calculate the remainder when 128 is divided by 50.
28
What is the remainder when 80 is divided by 41?
39
What is the remainder when 1175 is divided by 19?
16
What is the remainder when 178 is divided by 61?
56
What is the remainder when 6474 is divided by 16?
10
What is the remainder when 828 is divided by 22?
14
Calculate the remainder when 40 is divided by 21.
19
Calculate the remainder when 4193 is divided by 1389.
26
What is the remainder when 1135 is divided by 60?
55
Calculate the remainder when 8384 is divided by 43.
42
What is the remainder when 216 is divided by 110?
106
Calculate the remainder when 946 is divided by 165.
121
What is the remainder when 217 is divided by 79?
59
What is the remainder when 1018 is divided by 102?
100
Calculate the remainder when 5778 is divided by 34.
32
What is the remainder when 3088 is divided by 342?
10
What is the remainder when 22 is divided by 14?
8
What is the remainder when 578 is divided by 53?
48
Calculate the remainder when 24 is divided by 9.
6
Calculate the remainder when 150 is divided by 4.
2
What is the remainder when 3429 is divided by 35?
34
What is the remainder when 882 is divided by 77?
35
Calculate the remainder when 223 is divided by 43.
8
What is the remainder when 24 is divided by 12?
0
Calculate the remainder when 16589 is divided by 15.
14
What is the remainder when 2109 is divided by 1050?
9
Calculate the remainder when 1747 is divided by 25.
22
Calculate the remainder when 43 is divided by 20.
3
Calculate the remainder when 1088 is divided by 356.
20
What is the remainder when 102 is divided by 26?
24
What is the remainder when 485 is divided by 94?
15
Calculate the remainder when 229 is divided by 17.
8
Calculate the remainder when 858 is divided by 43.
41
What is the remainder when 661 is divided by 83?
80
What is the remainder when 217 is divided by 112?
105
What is the remainder when 118 is divided by 31?
25
Calculate the remainder when 5657 is divided by 123.
122
What is the remainder when 250 is divided by 14?
12
What is the remainder when 75 is divided by 63?
12
Calculate the remainder when 588 is divided by 173.
69
What is the remainder when 56 is divided by 13?
4
What is the remainder when 638 is divided by 71?
70
Calculate the remainder when 151 is divided by 11.
8
Calculate the remainder when 671 is divided by 137.
123
What is the remainder when 19 is divided by 14?
5
Calculate the remainder when 204 is divided by 53.
45
Calculate the remainder when 14217 is divided by 90.
87
Calculate the remainder when 163 is divided by 3.
1
Calculate the remainder when 101 is divided by 33.
2
What is the remainder when 256 is divided by 66?
58
What is the remainder when 2113 is divided by 142?
125
Calculate the remainder when 248 is divided by 63.
59
What is the remainder when 1272 is divided by 53?
0
What is the remainder when 457 is divided by 163?
131
What is the remainder when 66 is divided by 14?
10
Calculate the remainder when 1182 is divided by 343.
153
Calculate the remainder when 5581 is divided by 265.
16
Calculate the remainder when 81 is divided by 31.
19
W